{"id":24,"date":"2024-12-04T14:23:39","date_gmt":"2024-12-04T14:23:39","guid":{"rendered":"https:\/\/astronomiamadeira.pt\/?page_id=24"},"modified":"2025-08-22T16:45:51","modified_gmt":"2025-08-22T16:45:51","slug":"sobre-a-aam","status":"publish","type":"page","link":"https:\/\/astronomiamadeira.pt\/?page_id=24","title":{"rendered":"Sobre a AAAM"},"content":{"rendered":"<div class=\"aligncenter wp-block-site-logo\"><a href=\"https:\/\/astronomiamadeira.pt\/\" class=\"custom-logo-link\" rel=\"home\"><img loading=\"lazy\" decoding=\"async\" width=\"236\" height=\"236\" src=\"https:\/\/astronomiamadeira.pt\/wp-content\/uploads\/2025\/04\/cropped-logo_aaam.png\" class=\"custom-logo\" alt=\"Associa\u00e7\u00e3o de Astronomia e Astrofotografia da Madeira\" srcset=\"https:\/\/astronomiamadeira.pt\/wp-content\/uploads\/2025\/04\/cropped-logo_aaam.png 512w, https:\/\/astronomiamadeira.pt\/wp-content\/uploads\/2025\/04\/cropped-logo_aaam-150x150.png 150w, https:\/\/astronomiamadeira.pt\/wp-content\/uploads\/2025\/04\/cropped-logo_aaam-270x270.png 270w, https:\/\/astronomiamadeira.pt\/wp-content\/uploads\/2025\/04\/cropped-logo_aaam-192x192.png 192w, https:\/\/astronomiamadeira.pt\/wp-content\/uploads\/2025\/04\/cropped-logo_aaam-180x180.png 180w, https:\/\/astronomiamadeira.pt\/wp-content\/uploads\/2025\/04\/cropped-logo_aaam-32x32.png 32w\" sizes=\"auto, (max-width: 236px) 100vw, 236px\" \/><\/a><\/div>\n\n\n<p class=\"has-text-align-center\"><strong>\u00d3rg\u00e3os da AAAM para o tri\u00e9nio 2024-2027<\/strong><\/p>\n\n\n\n<p><strong>Dire\u00e7\u00e3o<\/strong><\/p>\n\n\n\n<p>Presidente: Jos\u00e9 Ant\u00f3nio de Jesus Nunes<br>1\u00ba Vogal: Duarte Baptista Silva<br>2\u00ba Vogal: Sandro Pita Correia<\/p>\n\n\n\n<p><strong>Conselho Fiscal<\/strong><\/p>\n\n\n\n<p>Presidente: Fernando Teodoro de G\u00f3is<br>Vice-Presidente: Ana Paula Fernandes de Sousa<br>Vogal: Alexandre Fontinha Gomes<br>Suplente: Susana S\u00e1 Fontinha<\/p>\n\n\n\n<p><strong>Assembleia Geral<\/strong><\/p>\n\n\n\n<p>Presidente: Hildegardo Noronha<br>Vice-Presidente: Jo\u00e3o Daniel Andrade Gomes Lu\u00eds<br>Vogal: Ruben Pereira Oliveira<br>Suplente: Maria Jos\u00e9 de Sousa Vital<\/p>\n\n\n\n<p><strong>Estatutos da AAAM<\/strong><\/p>\n\n\n\n<div data-wp-interactive=\"core\/file\" class=\"wp-block-file\"><object data-wp-bind--hidden=\"!state.hasPdfPreview\" hidden class=\"wp-block-file__embed\" data=\"https:\/\/astronomiamadeira.pt\/wp-content\/uploads\/2025\/08\/CN-35160638-8f72-4858-bf2b-b9de771228b8.pdf\" type=\"application\/pdf\" style=\"width:100%;height:600px\" aria-label=\"Incorpora\u00e7\u00e3o de CN-35160638-8f72-4858-bf2b-b9de771228b8.\"><\/object><a id=\"wp-block-file--media-12a5c795-a998-49e6-aad9-61667f1e9b00\" href=\"https:\/\/astronomiamadeira.pt\/wp-content\/uploads\/2025\/08\/CN-35160638-8f72-4858-bf2b-b9de771228b8.pdf\">CN-35160638-8f72-4858-bf2b-b9de771228b8<\/a><a href=\"https:\/\/astronomiamadeira.pt\/wp-content\/uploads\/2025\/08\/CN-35160638-8f72-4858-bf2b-b9de771228b8.pdf\" class=\"wp-block-file__button wp-element-button\" download aria-describedby=\"wp-block-file--media-12a5c795-a998-49e6-aad9-61667f1e9b00\">Descarregar<\/a><\/div>\n","protected":false},"excerpt":{"rendered":"<p>\u00d3rg\u00e3os da AAAM para o tri\u00e9nio 2024-2027 Dire\u00e7\u00e3o Presidente: Jos\u00e9 Ant\u00f3nio de Jesus Nunes1\u00ba Vogal: Duarte Baptista Silva2\u00ba Vogal: Sandro Pita Correia Conselho Fiscal Presidente: Fernando Teodoro de G\u00f3isVice-Presidente: Ana Paula Fernandes de SousaVogal: Alexandre Fontinha GomesSuplente: Susana S\u00e1 Fontinha Assembleia Geral Presidente: Hildegardo NoronhaVice-Presidente: Jo\u00e3o Daniel Andrade Gomes Lu\u00edsVogal: Ruben Pereira OliveiraSuplente: Maria Jos\u00e9 [&hellip;]<\/p>\n","protected":false},"author":1,"featured_media":0,"parent":0,"menu_order":0,"comment_status":"closed","ping_status":"closed","template":"","meta":{"cybocfi_hide_featured_image":"","footnotes":""},"class_list":["post-24","page","type-page","status-publish","hentry"],"blocksy_meta":[],"_links":{"self":[{"href":"https:\/\/astronomiamadeira.pt\/index.php?rest_route=\/wp\/v2\/pages\/24","targetHints":{"allow":["GET"]}}],"collection":[{"href":"https:\/\/astronomiamadeira.pt\/index.php?rest_route=\/wp\/v2\/pages"}],"about":[{"href":"https:\/\/astronomiamadeira.pt\/index.php?rest_route=\/wp\/v2\/types\/page"}],"author":[{"embeddable":true,"href":"https:\/\/astronomiamadeira.pt\/index.php?rest_route=\/wp\/v2\/users\/1"}],"replies":[{"embeddable":true,"href":"https:\/\/astronomiamadeira.pt\/index.php?rest_route=%2Fwp%2Fv2%2Fcomments&post=24"}],"version-history":[{"count":6,"href":"https:\/\/astronomiamadeira.pt\/index.php?rest_route=\/wp\/v2\/pages\/24\/revisions"}],"predecessor-version":[{"id":1236,"href":"https:\/\/astronomiamadeira.pt\/index.php?rest_route=\/wp\/v2\/pages\/24\/revisions\/1236"}],"wp:attachment":[{"href":"https:\/\/astronomiamadeira.pt\/index.php?rest_route=%2Fwp%2Fv2%2Fmedia&parent=24"}],"curies":[{"name":"wp","href":"https:\/\/api.w.org\/{rel}","templated":true}]}}

<div class="aligncenter wp-block-site-logo"><a href="https://astronomiamadeira.pt/" class="custom-logo-link" rel="home"><img loading="lazy" decoding="async" width="236" height="236" src="https://astronomiamadeira.pt/wp-content/uploads/2025/04/cropped-logo_aaam.png" class="custom-logo" alt="Associação de Astronomia e Astrofotografia da Madeira" srcset="https://astronomiamadeira.pt/wp-content/uploads/2025/04/cropped-logo_aaam.png 512w, https://astronomiamadeira.pt/wp-content/uploads/2025/04/cropped-logo_aaam-150x150.png 150w, https://astronomiamadeira.pt/wp-content/uploads/2025/04/cropped-logo_aaam-270x270.png 270w, https://astronomiamadeira.pt/wp-content/uploads/2025/04/cropped-logo_aaam-192x192.png 192w, https://astronomiamadeira.pt/wp-content/uploads/2025/04/cropped-logo_aaam-180x180.png 180w, https://astronomiamadeira.pt/wp-content/uploads/2025/04/cropped-logo_aaam-32x32.png 32w" sizes="auto, (max-width: 236px) 100vw, 236px" /></a></div>


<p class="has-text-align-center"><strong>Órgãos da AAAM para o triénio 2024-2027</strong></p>



<p><strong>Direção</strong></p>



<p>Presidente: José António de Jesus Nunes<br>1º Vogal: Duarte Baptista Silva<br>2º Vogal: Sandro Pita Correia</p>



<p><strong>Conselho Fiscal</strong></p>



<p>Presidente: Fernando Teodoro de Góis<br>Vice-Presidente: Ana Paula Fernandes de Sousa<br>Vogal: Alexandre Fontinha Gomes<br>Suplente: Susana Sá Fontinha</p>



<p><strong>Assembleia Geral</strong></p>



<p>Presidente: Hildegardo Noronha<br>Vice-Presidente: João Daniel Andrade Gomes Luís<br>Vogal: Ruben Pereira Oliveira<br>Suplente: Maria José de Sousa Vital</p>



<p><strong>Estatutos da AAAM</strong></p>



<div data-wp-interactive="core/file" class="wp-block-file"><object data-wp-bind--hidden="!state.hasPdfPreview" hidden class="wp-block-file__embed" data="https://astronomiamadeira.pt/wp-content/uploads/2025/08/CN-35160638-8f72-4858-bf2b-b9de771228b8.pdf" type="application/pdf" style="width:100%;height:600px" aria-label="Incorporação de CN-35160638-8f72-4858-bf2b-b9de771228b8."></object><a id="wp-block-file--media-12a5c795-a998-49e6-aad9-61667f1e9b00" href="https://astronomiamadeira.pt/wp-content/uploads/2025/08/CN-35160638-8f72-4858-bf2b-b9de771228b8.pdf">CN-35160638-8f72-4858-bf2b-b9de771228b8</a><a href="https://astronomiamadeira.pt/wp-content/uploads/2025/08/CN-35160638-8f72-4858-bf2b-b9de771228b8.pdf" class="wp-block-file__button wp-element-button" download aria-describedby="wp-block-file--media-12a5c795-a998-49e6-aad9-61667f1e9b00">Descarregar</a></div>

<p>Órgãos da AAAM para o triénio 2024-2027 Direção Presidente: José António de Jesus Nunes1º Vogal: Duarte Baptista Silva2º Vogal: Sandro Pita Correia Conselho Fiscal Presidente: Fernando Teodoro de GóisVice-Presidente: Ana Paula Fernandes de SousaVogal: Alexandre Fontinha GomesSuplente: Susana Sá Fontinha Assembleia Geral Presidente: Hildegardo NoronhaVice-Presidente: João Daniel Andrade Gomes LuísVogal: Ruben Pereira OliveiraSuplente: Maria José [&hellip;]</p>
