{"id":903,"date":"2025-01-13T10:30:14","date_gmt":"2025-01-13T10:30:14","guid":{"rendered":"https:\/\/astronomiamadeira.pt\/?page_id=903"},"modified":"2025-06-02T08:00:50","modified_gmt":"2025-06-02T08:00:50","slug":"stargazing","status":"publish","type":"page","link":"https:\/\/astronomiamadeira.pt\/?page_id=903","title":{"rendered":"StarGazing"},"content":{"rendered":"\n<p>01 \u2013 Interessa-lhe promover ou participar em actividades de astronomia?<\/p>\n\n\n\n<p>Para al\u00e9m de visitas \u00e0s escolas da Regi\u00e3o onde desenvolvem actividades direccionadas para crian\u00e7as e jovens estudantes, os respons\u00e1veis da AAAM implementaram um programa regular mensal de tarefas que realiza na Casa do Arieiro \u2013 32\u00ba 43\u2019 20\u2019\u2019 (N) e 16\u00ba 55\u2019 00\u2019\u2019 (W) \u2013 , nelas se integrando a forma\u00e7\u00e3o dos seus associados, cursos de Inicia\u00e7\u00e3o a Astronomia para todos os interessados, capta\u00e7\u00e3o de imagens, observa\u00e7\u00f5es dos astros e pesquisa planet\u00e1ria.<\/p>\n\n\n\n<p>02 \u2013 Como devo proceder para solicitar uma actividade aos astr\u00f3nomos?<\/p>\n\n\n\n<p>Os estabelecimentos de ensino, p\u00fablicos ou privados, unidades hoteleiras ou quaisquer outras institui\u00e7\u00f5es, caso pretendam promover alguma actividade em grupo ou at\u00e9 participar naquelas que se encontram agendadas, ter\u00e3o de remeter a esta associa\u00e7\u00e3o um e-mail para o endere\u00e7o oficial que consta dos nossos contactos: aam@astronomiamadeira.pt a dar conhecimento da iniciativa pretendida.<\/p>\n\n\n\n<p>Para isso, dever\u00e1 identificar o nome da entidade e pessoa respons\u00e1vel, sugerir data, hora e n\u00famero de pessoas abrangidas. Para o caso das escolas, dever\u00e1 ainda mencionar anos de escolaridade do grupo.<\/p>\n\n\n\n<p>De seguida, receber\u00e1 a informa\u00e7\u00e3o adequada sobre a disponibilidade, forma e requisitos para a sua implementa\u00e7\u00e3o.<\/p>\n\n\n\n<figure class=\"wp-block-gallery has-nested-images columns-default is-cropped wp-block-gallery-1 is-layout-flex wp-block-gallery-is-layout-flex\">\n<figure class=\"wp-block-image size-large\"><img loading=\"lazy\" decoding=\"async\" width=\"1024\" height=\"768\" data-id=\"904\" src=\"https:\/\/astronomiamadeira.pt\/wp-content\/uploads\/2025\/01\/stargazing4-1024x768.jpg\" alt=\"\" class=\"wp-image-904\" srcset=\"https:\/\/astronomiamadeira.pt\/wp-content\/uploads\/2025\/01\/stargazing4-1024x768.jpg 1024w, https:\/\/astronomiamadeira.pt\/wp-content\/uploads\/2025\/01\/stargazing4-300x225.jpg 300w, https:\/\/astronomiamadeira.pt\/wp-content\/uploads\/2025\/01\/stargazing4-768x576.jpg 768w, https:\/\/astronomiamadeira.pt\/wp-content\/uploads\/2025\/01\/stargazing4-1536x1152.jpg 1536w, https:\/\/astronomiamadeira.pt\/wp-content\/uploads\/2025\/01\/stargazing4.jpg 2016w\" sizes=\"auto, (max-width: 1024px) 100vw, 1024px\" \/><\/figure>\n\n\n\n<figure class=\"wp-block-image size-large\"><img loading=\"lazy\" decoding=\"async\" width=\"1024\" height=\"636\" data-id=\"908\" src=\"https:\/\/astronomiamadeira.pt\/wp-content\/uploads\/2025\/01\/stargazing5-1024x636.jpg\" alt=\"\" class=\"wp-image-908\" srcset=\"https:\/\/astronomiamadeira.pt\/wp-content\/uploads\/2025\/01\/stargazing5-1024x636.jpg 1024w, https:\/\/astronomiamadeira.pt\/wp-content\/uploads\/2025\/01\/stargazing5-300x186.jpg 300w, https:\/\/astronomiamadeira.pt\/wp-content\/uploads\/2025\/01\/stargazing5-768x477.jpg 768w, https:\/\/astronomiamadeira.pt\/wp-content\/uploads\/2025\/01\/stargazing5-1536x954.jpg 1536w, https:\/\/astronomiamadeira.pt\/wp-content\/uploads\/2025\/01\/stargazing5.jpg 2048w\" sizes=\"auto, (max-width: 1024px) 100vw, 1024px\" \/><\/figure>\n\n\n\n<figure class=\"wp-block-image size-large\"><img loading=\"lazy\" decoding=\"async\" width=\"1024\" height=\"672\" data-id=\"907\" src=\"https:\/\/astronomiamadeira.pt\/wp-content\/uploads\/2025\/01\/stargazing6-1024x672.jpg\" alt=\"\" class=\"wp-image-907\" srcset=\"https:\/\/astronomiamadeira.pt\/wp-content\/uploads\/2025\/01\/stargazing6-1024x672.jpg 1024w, https:\/\/astronomiamadeira.pt\/wp-content\/uploads\/2025\/01\/stargazing6-300x197.jpg 300w, https:\/\/astronomiamadeira.pt\/wp-content\/uploads\/2025\/01\/stargazing6-768x504.jpg 768w, https:\/\/astronomiamadeira.pt\/wp-content\/uploads\/2025\/01\/stargazing6-1536x1007.jpg 1536w, https:\/\/astronomiamadeira.pt\/wp-content\/uploads\/2025\/01\/stargazing6.jpg 2048w\" sizes=\"auto, (max-width: 1024px) 100vw, 1024px\" \/><\/figure>\n\n\n\n<figure class=\"wp-block-image size-large\"><img loading=\"lazy\" decoding=\"async\" width=\"1024\" height=\"683\" data-id=\"905\" src=\"https:\/\/astronomiamadeira.pt\/wp-content\/uploads\/2025\/01\/stargazing7-1024x683.jpg\" alt=\"\" class=\"wp-image-905\" srcset=\"https:\/\/astronomiamadeira.pt\/wp-content\/uploads\/2025\/01\/stargazing7-1024x683.jpg 1024w, https:\/\/astronomiamadeira.pt\/wp-content\/uploads\/2025\/01\/stargazing7-300x200.jpg 300w, https:\/\/astronomiamadeira.pt\/wp-content\/uploads\/2025\/01\/stargazing7-768x512.jpg 768w, https:\/\/astronomiamadeira.pt\/wp-content\/uploads\/2025\/01\/stargazing7-1536x1024.jpg 1536w, https:\/\/astronomiamadeira.pt\/wp-content\/uploads\/2025\/01\/stargazing7.jpg 2048w\" sizes=\"auto, (max-width: 1024px) 100vw, 1024px\" \/><\/figure>\n\n\n\n<figure class=\"wp-block-image size-large\"><img loading=\"lazy\" decoding=\"async\" width=\"1024\" height=\"643\" data-id=\"906\" src=\"https:\/\/astronomiamadeira.pt\/wp-content\/uploads\/2025\/01\/stargazing8-1024x643.jpg\" alt=\"\" class=\"wp-image-906\" srcset=\"https:\/\/astronomiamadeira.pt\/wp-content\/uploads\/2025\/01\/stargazing8-1024x643.jpg 1024w, https:\/\/astronomiamadeira.pt\/wp-content\/uploads\/2025\/01\/stargazing8-300x188.jpg 300w, https:\/\/astronomiamadeira.pt\/wp-content\/uploads\/2025\/01\/stargazing8-768x482.jpg 768w, https:\/\/astronomiamadeira.pt\/wp-content\/uploads\/2025\/01\/stargazing8-1536x964.jpg 1536w, https:\/\/astronomiamadeira.pt\/wp-content\/uploads\/2025\/01\/stargazing8.jpg 2048w\" sizes=\"auto, (max-width: 1024px) 100vw, 1024px\" \/><\/figure>\n\n\n\n<figure class=\"wp-block-image size-large\"><img loading=\"lazy\" decoding=\"async\" width=\"1080\" height=\"720\" data-id=\"1172\" src=\"https:\/\/astronomiamadeira.pt\/wp-content\/uploads\/2025\/06\/IMG_0781.jpeg\" alt=\"\" class=\"wp-image-1172\" srcset=\"https:\/\/astronomiamadeira.pt\/wp-content\/uploads\/2025\/06\/IMG_0781.jpeg 1080w, https:\/\/astronomiamadeira.pt\/wp-content\/uploads\/2025\/06\/IMG_0781-640x427.jpeg 640w, https:\/\/astronomiamadeira.pt\/wp-content\/uploads\/2025\/06\/IMG_0781-768x512.jpeg 768w\" sizes=\"auto, (max-width: 1080px) 100vw, 1080px\" \/><\/figure>\n<\/figure>\n","protected":false},"excerpt":{"rendered":"<p>01 \u2013 Interessa-lhe promover ou participar em actividades de astronomia? Para al\u00e9m de visitas \u00e0s escolas da Regi\u00e3o onde desenvolvem actividades direccionadas para crian\u00e7as e jovens estudantes, os respons\u00e1veis da AAAM implementaram um programa regular mensal de tarefas que realiza na Casa do Arieiro \u2013 32\u00ba 43\u2019 20\u2019\u2019 (N) e 16\u00ba 55\u2019 00\u2019\u2019 (W) \u2013 [&hellip;]<\/p>\n","protected":false},"author":1,"featured_media":0,"parent":0,"menu_order":0,"comment_status":"closed","ping_status":"closed","template":"","meta":{"cybocfi_hide_featured_image":"","footnotes":""},"class_list":["post-903","page","type-page","status-publish","hentry"],"blocksy_meta":[],"_links":{"self":[{"href":"https:\/\/astronomiamadeira.pt\/index.php?rest_route=\/wp\/v2\/pages\/903","targetHints":{"allow":["GET"]}}],"collection":[{"href":"https:\/\/astronomiamadeira.pt\/index.php?rest_route=\/wp\/v2\/pages"}],"about":[{"href":"https:\/\/astronomiamadeira.pt\/index.php?rest_route=\/wp\/v2\/types\/page"}],"author":[{"embeddable":true,"href":"https:\/\/astronomiamadeira.pt\/index.php?rest_route=\/wp\/v2\/users\/1"}],"replies":[{"embeddable":true,"href":"https:\/\/astronomiamadeira.pt\/index.php?rest_route=%2Fwp%2Fv2%2Fcomments&post=903"}],"version-history":[{"count":2,"href":"https:\/\/astronomiamadeira.pt\/index.php?rest_route=\/wp\/v2\/pages\/903\/revisions"}],"predecessor-version":[{"id":1173,"href":"https:\/\/astronomiamadeira.pt\/index.php?rest_route=\/wp\/v2\/pages\/903\/revisions\/1173"}],"wp:attachment":[{"href":"https:\/\/astronomiamadeira.pt\/index.php?rest_route=%2Fwp%2Fv2%2Fmedia&parent=903"}],"curies":[{"name":"wp","href":"https:\/\/api.w.org\/{rel}","templated":true}]}}

<p>01 – Interessa-lhe promover ou participar em actividades de astronomia?</p>



<p>Para além de visitas às escolas da Região onde desenvolvem actividades direccionadas para crianças e jovens estudantes, os responsáveis da AAAM implementaram um programa regular mensal de tarefas que realiza na Casa do Arieiro – 32º 43’ 20’’ (N) e 16º 55’ 00’’ (W) – , nelas se integrando a formação dos seus associados, cursos de Iniciação a Astronomia para todos os interessados, captação de imagens, observações dos astros e pesquisa planetária.</p>



<p>02 – Como devo proceder para solicitar uma actividade aos astrónomos?</p>



<p>Os estabelecimentos de ensino, públicos ou privados, unidades hoteleiras ou quaisquer outras instituições, caso pretendam promover alguma actividade em grupo ou até participar naquelas que se encontram agendadas, terão de remeter a esta associação um e-mail para o endereço oficial que consta dos nossos contactos: aam@astronomiamadeira.pt a dar conhecimento da iniciativa pretendida.</p>



<p>Para isso, deverá identificar o nome da entidade e pessoa responsável, sugerir data, hora e número de pessoas abrangidas. Para o caso das escolas, deverá ainda mencionar anos de escolaridade do grupo.</p>



<p>De seguida, receberá a informação adequada sobre a disponibilidade, forma e requisitos para a sua implementação.</p>



<figure class="wp-block-gallery has-nested-images columns-default is-cropped wp-block-gallery-1 is-layout-flex wp-block-gallery-is-layout-flex">
<figure class="wp-block-image size-large"><img loading="lazy" decoding="async" width="1024" height="768" data-id="904" src="https://astronomiamadeira.pt/wp-content/uploads/2025/01/stargazing4-1024x768.jpg" alt="" class="wp-image-904" srcset="https://astronomiamadeira.pt/wp-content/uploads/2025/01/stargazing4-1024x768.jpg 1024w, https://astronomiamadeira.pt/wp-content/uploads/2025/01/stargazing4-300x225.jpg 300w, https://astronomiamadeira.pt/wp-content/uploads/2025/01/stargazing4-768x576.jpg 768w, https://astronomiamadeira.pt/wp-content/uploads/2025/01/stargazing4-1536x1152.jpg 1536w, https://astronomiamadeira.pt/wp-content/uploads/2025/01/stargazing4.jpg 2016w" sizes="auto, (max-width: 1024px) 100vw, 1024px" /></figure>



<figure class="wp-block-image size-large"><img loading="lazy" decoding="async" width="1024" height="636" data-id="908" src="https://astronomiamadeira.pt/wp-content/uploads/2025/01/stargazing5-1024x636.jpg" alt="" class="wp-image-908" srcset="https://astronomiamadeira.pt/wp-content/uploads/2025/01/stargazing5-1024x636.jpg 1024w, https://astronomiamadeira.pt/wp-content/uploads/2025/01/stargazing5-300x186.jpg 300w, https://astronomiamadeira.pt/wp-content/uploads/2025/01/stargazing5-768x477.jpg 768w, https://astronomiamadeira.pt/wp-content/uploads/2025/01/stargazing5-1536x954.jpg 1536w, https://astronomiamadeira.pt/wp-content/uploads/2025/01/stargazing5.jpg 2048w" sizes="auto, (max-width: 1024px) 100vw, 1024px" /></figure>



<figure class="wp-block-image size-large"><img loading="lazy" decoding="async" width="1024" height="672" data-id="907" src="https://astronomiamadeira.pt/wp-content/uploads/2025/01/stargazing6-1024x672.jpg" alt="" class="wp-image-907" srcset="https://astronomiamadeira.pt/wp-content/uploads/2025/01/stargazing6-1024x672.jpg 1024w, https://astronomiamadeira.pt/wp-content/uploads/2025/01/stargazing6-300x197.jpg 300w, https://astronomiamadeira.pt/wp-content/uploads/2025/01/stargazing6-768x504.jpg 768w, https://astronomiamadeira.pt/wp-content/uploads/2025/01/stargazing6-1536x1007.jpg 1536w, https://astronomiamadeira.pt/wp-content/uploads/2025/01/stargazing6.jpg 2048w" sizes="auto, (max-width: 1024px) 100vw, 1024px" /></figure>



<figure class="wp-block-image size-large"><img loading="lazy" decoding="async" width="1024" height="683" data-id="905" src="https://astronomiamadeira.pt/wp-content/uploads/2025/01/stargazing7-1024x683.jpg" alt="" class="wp-image-905" srcset="https://astronomiamadeira.pt/wp-content/uploads/2025/01/stargazing7-1024x683.jpg 1024w, https://astronomiamadeira.pt/wp-content/uploads/2025/01/stargazing7-300x200.jpg 300w, https://astronomiamadeira.pt/wp-content/uploads/2025/01/stargazing7-768x512.jpg 768w, https://astronomiamadeira.pt/wp-content/uploads/2025/01/stargazing7-1536x1024.jpg 1536w, https://astronomiamadeira.pt/wp-content/uploads/2025/01/stargazing7.jpg 2048w" sizes="auto, (max-width: 1024px) 100vw, 1024px" /></figure>



<figure class="wp-block-image size-large"><img loading="lazy" decoding="async" width="1024" height="643" data-id="906" src="https://astronomiamadeira.pt/wp-content/uploads/2025/01/stargazing8-1024x643.jpg" alt="" class="wp-image-906" srcset="https://astronomiamadeira.pt/wp-content/uploads/2025/01/stargazing8-1024x643.jpg 1024w, https://astronomiamadeira.pt/wp-content/uploads/2025/01/stargazing8-300x188.jpg 300w, https://astronomiamadeira.pt/wp-content/uploads/2025/01/stargazing8-768x482.jpg 768w, https://astronomiamadeira.pt/wp-content/uploads/2025/01/stargazing8-1536x964.jpg 1536w, https://astronomiamadeira.pt/wp-content/uploads/2025/01/stargazing8.jpg 2048w" sizes="auto, (max-width: 1024px) 100vw, 1024px" /></figure>



<figure class="wp-block-image size-large"><img loading="lazy" decoding="async" width="1080" height="720" data-id="1172" src="https://astronomiamadeira.pt/wp-content/uploads/2025/06/IMG_0781.jpeg" alt="" class="wp-image-1172" srcset="https://astronomiamadeira.pt/wp-content/uploads/2025/06/IMG_0781.jpeg 1080w, https://astronomiamadeira.pt/wp-content/uploads/2025/06/IMG_0781-640x427.jpeg 640w, https://astronomiamadeira.pt/wp-content/uploads/2025/06/IMG_0781-768x512.jpeg 768w" sizes="auto, (max-width: 1080px) 100vw, 1080px" /></figure>
</figure>

<p>01 – Interessa-lhe promover ou participar em actividades de astronomia? Para além de visitas às escolas da Região onde desenvolvem actividades direccionadas para crianças e jovens estudantes, os responsáveis da AAAM implementaram um programa regular mensal de tarefas que realiza na Casa do Arieiro – 32º 43’ 20’’ (N) e 16º 55’ 00’’ (W) – [&hellip;]</p>
